{"id":123,"date":"2022-02-07T18:57:41","date_gmt":"2022-02-07T17:57:41","guid":{"rendered":"https:\/\/kimkommt.wordpress.com\/?page_id=123"},"modified":"2022-03-03T10:15:15","modified_gmt":"2022-03-03T10:15:15","slug":"susanne-martin","status":"publish","type":"page","link":"https:\/\/kimkommt.de\/en\/team\/susanne-martin\/","title":{"rendered":"Susanne Martin"},"content":{"rendered":"<p><\/p>\n\n\n\n<figure class=\"wp-block-image size-large\"><img decoding=\"async\" src=\"http:\/\/kimkommt.de\/wp-content\/uploads\/2022\/02\/frank-post-4955.jpg?w=1024\" alt=\"\" class=\"wp-image-125\"\/><\/figure>\n\n\n\n<p class=\"has-link-color wp-elements-822fe1786bae21afe0bc6fd076b1a495\">Susanne Martin (PhD) performs, researches and teaches contemporary dance. She works internationally, creating pieces as a soloist and collaboratively. Her work explores improvisation as choreographic practice, narratives of age(s), contact improvisation and practice as research \/ artistic research. Her pieces have been invited to the following festivals, among others:<br>Aerowaves (London), International Dance and Theatre Festival (Gothenburg), Nottdance (Nottingham), Opera Estate Veneto (Bassano del Grappa), Tanec Praha (Prague). In 2017, her PhD thesis Dancing Age(ing) was published by transcript, exploring the potential of improvisation-based dance to critically intervene in our age(ing) culture. In her current artistic research project (EPFL, Switzerland) she explores how dance improvisation can intervene in the culture of teaching, learning and research at technical universities.<br><a href=\"http:\/\/www.susannemartin.de\">www.susannemartin.de<\/a><\/p>\n\n\n\n<h2 class=\"wp-block-heading\" id=\"susanne-gabriele-und-die-salons\">Susanne, Gabriele and the Salons<\/h2>\n\n\n\n<p>Gabriele Reuter and Susanne Martin have been working and performing together in different contexts and performance formats with a focus on improvisation since 2010. In the period 2011 - 2017, they developed and hosted twelve salon formats. Under the name \"Susi &amp; Gabi's Salon - 100 Questions for Improvisation\", over 50 guest artists met an activated and interested audience in Berlin, Nottingham, Leicester and Plymouth. The salons were developed as festival specials for Tanzfabrik's Tanz Hoch Zwei festival and the nottdance festival in Nottingham. A documentation of the previous salons can be found&nbsp;<a href=\"http:\/\/www.susannemartin.de\/category\/salons\/\">here<\/a>.<\/p>\n\n\n\n<p><\/p>\n\n\n\n<figure class=\"wp-block-image size-large\"><img loading=\"lazy\" decoding=\"async\" width=\"1369\" height=\"771\" src=\"http:\/\/kimkommt.de\/wp-content\/uploads\/2022\/02\/3.png?w=1024\" alt=\"\" class=\"wp-image-128\" srcset=\"https:\/\/kimkommt.de\/wp-content\/uploads\/2022\/02\/3.png 1369w, https:\/\/kimkommt.de\/wp-content\/uploads\/2022\/02\/3-300x169.png 300w, https:\/\/kimkommt.de\/wp-content\/uploads\/2022\/02\/3-1024x577.png 1024w, https:\/\/kimkommt.de\/wp-content\/uploads\/2022\/02\/3-768x433.png 768w\" sizes=\"auto, (max-width: 1369px) 100vw, 1369px\" \/><\/figure>","protected":false},"excerpt":{"rendered":"<p>Susanne Martin (PhD) performt, erforscht und unterrichtet zeitgen\u00f6ssischen Tanz. Sie arbeitet international, kreiert St\u00fccke als Solistin und kollaborativ. In ihren Arbeiten besch\u00e4ftigt sie sich mit Improvisation als choreographische Praxis, Narrationen des Alter(n)s, Contact Improvisation und Practice as Research \/ k\u00fcnstlerische Forschung. Ihre St\u00fccke waren u.a. auf folgenden Festivals eingeladen:Aerowaves (London), International Dance and Theatre Festival [&hellip;]<\/p>","protected":false},"author":2,"featured_media":0,"parent":44,"menu_order":0,"comment_status":"closed","ping_status":"closed","template":"","meta":{"footnotes":""},"class_list":["post-123","page","type-page","status-publish","hentry"],"yoast_head":"<!-- This site is optimized with the Yoast SEO plugin v23.5 - https:\/\/yoast.com\/wordpress\/plugins\/seo\/ -->\n<title>Susanne Martin | KIM - KulturInstitutMobil<\/title>\n<meta name=\"robots\" content=\"index, follow, max-snippet:-1, max-image-preview:large, max-video-preview:-1\" \/>\n<link rel=\"canonical\" href=\"https:\/\/kimkommt.de\/en\/team\/susanne-martin\/\" \/>\n<meta property=\"og:locale\" content=\"en_GB\" \/>\n<meta property=\"og:type\" content=\"article\" \/>\n<meta property=\"og:title\" content=\"Susanne Martin | KIM - KulturInstitutMobil\" \/>\n<meta property=\"og:description\" content=\"Susanne Martin (PhD) performt, erforscht und unterrichtet zeitgen\u00f6ssischen Tanz. Sie arbeitet international, kreiert St\u00fccke als Solistin und kollaborativ. In ihren Arbeiten besch\u00e4ftigt sie sich mit Improvisation als choreographische Praxis, Narrationen des Alter(n)s, Contact Improvisation und Practice as Research \/ k\u00fcnstlerische Forschung. Ihre St\u00fccke waren u.a. auf folgenden Festivals eingeladen:Aerowaves (London), International Dance and Theatre Festival [&hellip;]\" \/>\n<meta property=\"og:url\" content=\"https:\/\/kimkommt.de\/en\/team\/susanne-martin\/\" \/>\n<meta property=\"og:site_name\" content=\"KIM - KulturInstitutMobil\" \/>\n<meta property=\"article:publisher\" content=\"https:\/\/www.facebook.com\/kulturinstitutmobil\" \/>\n<meta property=\"article:modified_time\" content=\"2022-03-03T10:15:15+00:00\" \/>\n<meta property=\"og:image\" content=\"http:\/\/kimkommt.de\/wp-content\/uploads\/2022\/02\/frank-post-4955.jpg?w=1024\" \/>\n<meta name=\"twitter:card\" content=\"summary_large_image\" \/>\n<meta name=\"twitter:label1\" content=\"Estimated reading time\" \/>\n\t<meta name=\"twitter:data1\" content=\"2 minutes\" \/>\n<script type=\"application\/ld+json\" class=\"yoast-schema-graph\">{\"@context\":\"https:\/\/schema.org\",\"@graph\":[{\"@type\":\"WebPage\",\"@id\":\"https:\/\/kimkommt.de\/team\/susanne-martin\/\",\"url\":\"https:\/\/kimkommt.de\/team\/susanne-martin\/\",\"name\":\"Susanne Martin | KIM - KulturInstitutMobil\",\"isPartOf\":{\"@id\":\"https:\/\/kimkommt.de\/#website\"},\"primaryImageOfPage\":{\"@id\":\"https:\/\/kimkommt.de\/team\/susanne-martin\/#primaryimage\"},\"image\":{\"@id\":\"https:\/\/kimkommt.de\/team\/susanne-martin\/#primaryimage\"},\"thumbnailUrl\":\"http:\/\/kimkommt.de\/wp-content\/uploads\/2022\/02\/frank-post-4955.jpg?w=1024\",\"datePublished\":\"2022-02-07T17:57:41+00:00\",\"dateModified\":\"2022-03-03T10:15:15+00:00\",\"breadcrumb\":{\"@id\":\"https:\/\/kimkommt.de\/team\/susanne-martin\/#breadcrumb\"},\"inLanguage\":\"en-GB\",\"potentialAction\":[{\"@type\":\"ReadAction\",\"target\":[\"https:\/\/kimkommt.de\/team\/susanne-martin\/\"]}]},{\"@type\":\"ImageObject\",\"inLanguage\":\"en-GB\",\"@id\":\"https:\/\/kimkommt.de\/team\/susanne-martin\/#primaryimage\",\"url\":\"http:\/\/kimkommt.de\/wp-content\/uploads\/2022\/02\/frank-post-4955.jpg?w=1024\",\"contentUrl\":\"http:\/\/kimkommt.de\/wp-content\/uploads\/2022\/02\/frank-post-4955.jpg?w=1024\"},{\"@type\":\"BreadcrumbList\",\"@id\":\"https:\/\/kimkommt.de\/team\/susanne-martin\/#breadcrumb\",\"itemListElement\":[{\"@type\":\"ListItem\",\"position\":1,\"name\":\"Startseite\",\"item\":\"https:\/\/kimkommt.de\/\"},{\"@type\":\"ListItem\",\"position\":2,\"name\":\"Team\",\"item\":\"https:\/\/kimkommt.de\/team\/\"},{\"@type\":\"ListItem\",\"position\":3,\"name\":\"Susanne Martin\"}]},{\"@type\":\"WebSite\",\"@id\":\"https:\/\/kimkommt.de\/#website\",\"url\":\"https:\/\/kimkommt.de\/\",\"name\":\"KIM - KulturInstitutMobil\",\"description\":\"KIM kommt!\",\"publisher\":{\"@id\":\"https:\/\/kimkommt.de\/#organization\"},\"potentialAction\":[{\"@type\":\"SearchAction\",\"target\":{\"@type\":\"EntryPoint\",\"urlTemplate\":\"https:\/\/kimkommt.de\/?s={search_term_string}\"},\"query-input\":{\"@type\":\"PropertyValueSpecification\",\"valueRequired\":true,\"valueName\":\"search_term_string\"}}],\"inLanguage\":\"en-GB\"},{\"@type\":\"Organization\",\"@id\":\"https:\/\/kimkommt.de\/#organization\",\"name\":\"KIM - KulturInstitutMobil GbR\",\"url\":\"https:\/\/kimkommt.de\/\",\"logo\":{\"@type\":\"ImageObject\",\"inLanguage\":\"en-GB\",\"@id\":\"https:\/\/kimkommt.de\/#\/schema\/logo\/image\/\",\"url\":\"http:\/\/kimkommt.de\/wp-content\/uploads\/2022\/03\/210422_KIM_Illu-Beutel_Zeichenfla\u0308che-1.png\",\"contentUrl\":\"http:\/\/kimkommt.de\/wp-content\/uploads\/2022\/03\/210422_KIM_Illu-Beutel_Zeichenfla\u0308che-1.png\",\"width\":2446,\"height\":2447,\"caption\":\"KIM - KulturInstitutMobil GbR\"},\"image\":{\"@id\":\"https:\/\/kimkommt.de\/#\/schema\/logo\/image\/\"},\"sameAs\":[\"https:\/\/www.facebook.com\/kulturinstitutmobil\",\"https:\/\/www.instagram.com\/kulturinstitutmobil\/\"]}]}<\/script>\n<!-- \/ Yoast SEO plugin. -->","yoast_head_json":{"title":"Susanne Martin | KIM - KulturInstitutMobil","robots":{"index":"index","follow":"follow","max-snippet":"max-snippet:-1","max-image-preview":"max-image-preview:large","max-video-preview":"max-video-preview:-1"},"canonical":"https:\/\/kimkommt.de\/en\/team\/susanne-martin\/","og_locale":"en_GB","og_type":"article","og_title":"Susanne Martin | KIM - KulturInstitutMobil","og_description":"Susanne Martin (PhD) performt, erforscht und unterrichtet zeitgen\u00f6ssischen Tanz. Sie arbeitet international, kreiert St\u00fccke als Solistin und kollaborativ. In ihren Arbeiten besch\u00e4ftigt sie sich mit Improvisation als choreographische Praxis, Narrationen des Alter(n)s, Contact Improvisation und Practice as Research \/ k\u00fcnstlerische Forschung. Ihre St\u00fccke waren u.a. auf folgenden Festivals eingeladen:Aerowaves (London), International Dance and Theatre Festival [&hellip;]","og_url":"https:\/\/kimkommt.de\/en\/team\/susanne-martin\/","og_site_name":"KIM - KulturInstitutMobil","article_publisher":"https:\/\/www.facebook.com\/kulturinstitutmobil","article_modified_time":"2022-03-03T10:15:15+00:00","og_image":[{"url":"http:\/\/kimkommt.de\/wp-content\/uploads\/2022\/02\/frank-post-4955.jpg?w=1024"}],"twitter_card":"summary_large_image","twitter_misc":{"Estimated reading time":"2 minutes"},"schema":{"@context":"https:\/\/schema.org","@graph":[{"@type":"WebPage","@id":"https:\/\/kimkommt.de\/team\/susanne-martin\/","url":"https:\/\/kimkommt.de\/team\/susanne-martin\/","name":"Susanne Martin | KIM - KulturInstitutMobil","isPartOf":{"@id":"https:\/\/kimkommt.de\/#website"},"primaryImageOfPage":{"@id":"https:\/\/kimkommt.de\/team\/susanne-martin\/#primaryimage"},"image":{"@id":"https:\/\/kimkommt.de\/team\/susanne-martin\/#primaryimage"},"thumbnailUrl":"http:\/\/kimkommt.de\/wp-content\/uploads\/2022\/02\/frank-post-4955.jpg?w=1024","datePublished":"2022-02-07T17:57:41+00:00","dateModified":"2022-03-03T10:15:15+00:00","breadcrumb":{"@id":"https:\/\/kimkommt.de\/team\/susanne-martin\/#breadcrumb"},"inLanguage":"en-GB","potentialAction":[{"@type":"ReadAction","target":["https:\/\/kimkommt.de\/team\/susanne-martin\/"]}]},{"@type":"ImageObject","inLanguage":"en-GB","@id":"https:\/\/kimkommt.de\/team\/susanne-martin\/#primaryimage","url":"http:\/\/kimkommt.de\/wp-content\/uploads\/2022\/02\/frank-post-4955.jpg?w=1024","contentUrl":"http:\/\/kimkommt.de\/wp-content\/uploads\/2022\/02\/frank-post-4955.jpg?w=1024"},{"@type":"BreadcrumbList","@id":"https:\/\/kimkommt.de\/team\/susanne-martin\/#breadcrumb","itemListElement":[{"@type":"ListItem","position":1,"name":"Startseite","item":"https:\/\/kimkommt.de\/"},{"@type":"ListItem","position":2,"name":"Team","item":"https:\/\/kimkommt.de\/team\/"},{"@type":"ListItem","position":3,"name":"Susanne Martin"}]},{"@type":"WebSite","@id":"https:\/\/kimkommt.de\/#website","url":"https:\/\/kimkommt.de\/","name":"KIM - KulturInstitutMobil","description":"KIM kommt!","publisher":{"@id":"https:\/\/kimkommt.de\/#organization"},"potentialAction":[{"@type":"SearchAction","target":{"@type":"EntryPoint","urlTemplate":"https:\/\/kimkommt.de\/?s={search_term_string}"},"query-input":{"@type":"PropertyValueSpecification","valueRequired":true,"valueName":"search_term_string"}}],"inLanguage":"en-GB"},{"@type":"Organization","@id":"https:\/\/kimkommt.de\/#organization","name":"KIM - KulturInstitutMobil GbR","url":"https:\/\/kimkommt.de\/","logo":{"@type":"ImageObject","inLanguage":"en-GB","@id":"https:\/\/kimkommt.de\/#\/schema\/logo\/image\/","url":"http:\/\/kimkommt.de\/wp-content\/uploads\/2022\/03\/210422_KIM_Illu-Beutel_Zeichenfla\u0308che-1.png","contentUrl":"http:\/\/kimkommt.de\/wp-content\/uploads\/2022\/03\/210422_KIM_Illu-Beutel_Zeichenfla\u0308che-1.png","width":2446,"height":2447,"caption":"KIM - KulturInstitutMobil GbR"},"image":{"@id":"https:\/\/kimkommt.de\/#\/schema\/logo\/image\/"},"sameAs":["https:\/\/www.facebook.com\/kulturinstitutmobil","https:\/\/www.instagram.com\/kulturinstitutmobil\/"]}]}},"_links":{"self":[{"href":"https:\/\/kimkommt.de\/en\/wp-json\/wp\/v2\/pages\/123","targetHints":{"allow":["GET"]}}],"collection":[{"href":"https:\/\/kimkommt.de\/en\/wp-json\/wp\/v2\/pages"}],"about":[{"href":"https:\/\/kimkommt.de\/en\/wp-json\/wp\/v2\/types\/page"}],"author":[{"embeddable":true,"href":"https:\/\/kimkommt.de\/en\/wp-json\/wp\/v2\/users\/2"}],"replies":[{"embeddable":true,"href":"https:\/\/kimkommt.de\/en\/wp-json\/wp\/v2\/comments?post=123"}],"version-history":[{"count":5,"href":"https:\/\/kimkommt.de\/en\/wp-json\/wp\/v2\/pages\/123\/revisions"}],"predecessor-version":[{"id":511,"href":"https:\/\/kimkommt.de\/en\/wp-json\/wp\/v2\/pages\/123\/revisions\/511"}],"up":[{"embeddable":true,"href":"https:\/\/kimkommt.de\/en\/wp-json\/wp\/v2\/pages\/44"}],"wp:attachment":[{"href":"https:\/\/kimkommt.de\/en\/wp-json\/wp\/v2\/media?parent=123"}],"curies":[{"name":"wp","href":"https:\/\/api.w.org\/{rel}","templated":true}]}}

<p>Susanne Martin (PhD) performt, erforscht und unterrichtet zeitgenössischen Tanz. Sie arbeitet international, kreiert Stücke als Solistin und kollaborativ. In ihren Arbeiten beschäftigt sie sich mit Improvisation als choreographische Praxis, Narrationen des Alter(n)s, Contact Improvisation und Practice as Research / künstlerische Forschung. Ihre Stücke waren u.a. auf folgenden Festivals eingeladen:Aerowaves (London), International Dance and Theatre Festival [&hellip;]</p>

<!-- This site is optimized with the Yoast SEO plugin v23.5 - https://yoast.com/wordpress/plugins/seo/ -->
<title>Susanne Martin | KIM - KulturInstitutMobil</title>
<meta name="robots" content="index, follow, max-snippet:-1, max-image-preview:large, max-video-preview:-1" />
<link rel="canonical" href="https://kimkommt.de/en/team/susanne-martin/" />
<meta property="og:locale" content="en_GB" />
<meta property="og:type" content="article" />
<meta property="og:title" content="Susanne Martin | KIM - KulturInstitutMobil" />
<meta property="og:description" content="Susanne Martin (PhD) performt, erforscht und unterrichtet zeitgenössischen Tanz. Sie arbeitet international, kreiert Stücke als Solistin und kollaborativ. In ihren Arbeiten beschäftigt sie sich mit Improvisation als choreographische Praxis, Narrationen des Alter(n)s, Contact Improvisation und Practice as Research / künstlerische Forschung. Ihre Stücke waren u.a. auf folgenden Festivals eingeladen:Aerowaves (London), International Dance and Theatre Festival [&hellip;]" />
<meta property="og:url" content="https://kimkommt.de/en/team/susanne-martin/" />
<meta property="og:site_name" content="KIM - KulturInstitutMobil" />
<meta property="article:publisher" content="https://www.facebook.com/kulturinstitutmobil" />
<meta property="article:modified_time" content="2022-03-03T10:15:15+00:00" />
<meta property="og:image" content="http://kimkommt.de/wp-content/uploads/2022/02/frank-post-4955.jpg?w=1024" />
<meta name="twitter:card" content="summary_large_image" />
<meta name="twitter:label1" content="Estimated reading time" />
	<meta name="twitter:data1" content="2 minutes" />
<script type="application/ld+json" class="yoast-schema-graph">{"@context":"https://schema.org","@graph":[{"@type":"WebPage","@id":"https://kimkommt.de/team/susanne-martin/","url":"https://kimkommt.de/team/susanne-martin/","name":"Susanne Martin | KIM - KulturInstitutMobil","isPartOf":{"@id":"https://kimkommt.de/#website"},"primaryImageOfPage":{"@id":"https://kimkommt.de/team/susanne-martin/#primaryimage"},"image":{"@id":"https://kimkommt.de/team/susanne-martin/#primaryimage"},"thumbnailUrl":"http://kimkommt.de/wp-content/uploads/2022/02/frank-post-4955.jpg?w=1024","datePublished":"2022-02-07T17:57:41+00:00","dateModified":"2022-03-03T10:15:15+00:00","breadcrumb":{"@id":"https://kimkommt.de/team/susanne-martin/#breadcrumb"},"inLanguage":"en-GB","potentialAction":[{"@type":"ReadAction","target":["https://kimkommt.de/team/susanne-martin/"]}]},{"@type":"ImageObject","inLanguage":"en-GB","@id":"https://kimkommt.de/team/susanne-martin/#primaryimage","url":"http://kimkommt.de/wp-content/uploads/2022/02/frank-post-4955.jpg?w=1024","contentUrl":"http://kimkommt.de/wp-content/uploads/2022/02/frank-post-4955.jpg?w=1024"},{"@type":"BreadcrumbList","@id":"https://kimkommt.de/team/susanne-martin/#breadcrumb","itemListElement":[{"@type":"ListItem","position":1,"name":"Startseite","item":"https://kimkommt.de/"},{"@type":"ListItem","position":2,"name":"Team","item":"https://kimkommt.de/team/"},{"@type":"ListItem","position":3,"name":"Susanne Martin"}]},{"@type":"WebSite","@id":"https://kimkommt.de/#website","url":"https://kimkommt.de/","name":"KIM - KulturInstitutMobil","description":"KIM kommt!","publisher":{"@id":"https://kimkommt.de/#organization"},"potentialAction":[{"@type":"SearchAction","target":{"@type":"EntryPoint","urlTemplate":"https://kimkommt.de/?s={search_term_string}"},"query-input":{"@type":"PropertyValueSpecification","valueRequired":true,"valueName":"search_term_string"}}],"inLanguage":"en-GB"},{"@type":"Organization","@id":"https://kimkommt.de/#organization","name":"KIM - KulturInstitutMobil GbR","url":"https://kimkommt.de/","logo":{"@type":"ImageObject","inLanguage":"en-GB","@id":"https://kimkommt.de/#/schema/logo/image/","url":"http://kimkommt.de/wp-content/uploads/2022/03/210422_KIM_Illu-Beutel_Zeichenfläche-1.png","contentUrl":"http://kimkommt.de/wp-content/uploads/2022/03/210422_KIM_Illu-Beutel_Zeichenfläche-1.png","width":2446,"height":2447,"caption":"KIM - KulturInstitutMobil GbR"},"image":{"@id":"https://kimkommt.de/#/schema/logo/image/"},"sameAs":["https://www.facebook.com/kulturinstitutmobil","https://www.instagram.com/kulturinstitutmobil/"]}]}</script>
<!-- / Yoast SEO plugin. -->

Susanne Martin (PhD) performt, erforscht und unterrichtet zeitgenössischen Tanz. Sie arbeitet international, kreiert Stücke als Solistin und kollaborativ. In ihren Arbeiten beschäftigt sie sich mit Improvisation als choreographische Praxis, Narrationen des Alter(n)s, Contact Improvisation und Practice as Research / künstlerische Forschung. Ihre Stücke waren u.a. auf folgenden Festivals eingeladen:Aerowaves (London), International Dance and Theatre Festival [&hellip;]
